t is the highest common divisor of g and 6?
6
Let n be ((-19)/57)/(3/(-9)). Calculate the greatest common divisor of 113 and n.
1
Suppose -17*m = 1077 - 7265. What is the highest common factor of m and 28?
28
Let r be 31/(4 + (2 - 5)). Let s = r - 19. Suppose 1 + 31 = 4*l. Calculate the greatest common factor of l and s.
4
Let n(m) = -m**3 + 7*m**2 - 7*m + 6. Let a be n(6). Let z(j) = -3*j + 4*j + a*j + 1 + 14*j**2. Let t be z(-1). Calculate the greatest common factor of t and 56.
14
Let l be ((-7)/(-3))/((-2)/(-12)). Suppose 0*b + b = 3. Suppose 7*s = b*s + 140. What is the highest common divisor of l and s?
7
Let q(l) = -l**3 - 4*l**2 + 15*l + 6. Let m be q(-6). Let d be (-3)/(m/244) - 5. Calculate the greatest common factor of 140 and d.
28
Let l be ((-52)/(-3))/((-9)/(-27)). Suppose n + 4*w = l, -2*n + w - 2*w = -69. What is the greatest common divisor of n and 352?
32
Let o(x) be the first derivative of -2*x**2 + 7*x + 1. Suppose 4*f - 20 = -f, -20 = 2*c - 3*f. Let w be o(c). Calculate the highest common divisor of w and 92.
23
Suppose -2*a - 13 = o - 0*o, -4*o + 2 = -a. Let d = a - -13. Suppose -2*g = -6*g + 280. What is the greatest common divisor of g and d?
7
Suppose 5*o + 788 = 4*c, -o = -4*c - 6*o + 748. Calculate the highest common divisor of 12 and c.
12
Let n be (-50)/(-6)*6 + 2 + -4. Calculate the greatest common factor of n and 64.
16
Let j = 27 - 25. Let o be -11*1/(-2)*j. Let z = -9 + o. What is the highest common divisor of z and 14?
2
Let l(m) = m**3 + 6*m**2 - 9*m - 2. Let b be l(-7). Let o be (-16)/b*3 + 279. Calculate the highest common divisor of o and 25.
25
Let u be (98 - 4)/((-4)/(-2)). Calculate the highest common divisor of 376 and u.
47
Suppose -717 = 4*l + 31. Let p = -77 - l. What is the highest common divisor of 10 and p?
10
Let c(j) = 104*j - 1107. Let t be c(11). Calculate the highest common divisor of 6105 and t.
37
Let s = 734 + -611. Calculate the highest common divisor of s and 205.
41
Let b be (1 + 18/8)/(2/40). Let c = b - 43. Calculate the greatest common factor of c and 55.
11
Suppose 4*z + 0 = 12, -z = -4*d + 5. Suppose y + d*y = -6, 0 = -5*h + 5*y + 120. Calculate the greatest common divisor of 55 and h.
11
Let k(t) = 50*t**2 + 3*t + 1. Let y be k(-2). Let r = -100 + y. What is the highest common factor of r and 19?
19
Let a be (-477)/(-6) + (-1)/(-2). Suppose 5*s - a = s. Calculate the greatest common divisor of s and 50.
10
Let j be 9/6*2*31. Suppose 0 = -4*d + 75 + j. Suppose 50*s - 938 = -17*s. Calculate the greatest common divisor of d and s.
14
Let m(s) = -12*s. Let h be m(-1). Suppose -3*p = -2*p. Let d be ((-2)/4)/1*-216 + p. Calculate the highest common divisor of h and d.
12
Let o(p) = p**3 + 3*p**2 - 4*p + 6. Let l be o(-4). Suppose -20 = 3*n - 8*n. What is the highest common divisor of l and n?
2
Let q(j) = j**3 - 8*j**2 + 18*j - 65. Let b be q(10). Calculate the highest common divisor of 126 and b.
63
Let j be ((-18)/(-54))/(2/12). What is the highest common divisor of j and 9?
1
Suppose 130 = 6*b - b. Suppose 6*v + 28 = -b. Let h be -6*(v/(-6) - 2). Calculate the greatest common factor of h and 12.
3
Let k be (555/(-2))/((10/4)/(-5)). Calculate the highest common divisor of k and 5.
5
Suppose -8*c + 493 = 53. Suppose -5*h = -5*w + 7 + 3, 5*w + 4*h - c = 0. What is the highest common factor of w and 42?
7
Let d = -27 + 87. Calculate the highest common factor of 15 and d.
15
Suppose 49 = -2*k - 21. Suppose 0 = 5*z - 0*z + 145. Let h = z - k. Calculate the highest common factor of h and 18.
6
Suppose -30*w + 34*w + 5*z = 89, 4*w - 3*z = 113. What is the highest common divisor of w and 689?
13
Suppose 22 = 2*w + 2*o, 3*w - o - o - 58 = 0. Let l be (-1 - -2)*(-15 + w). Calculate the highest common factor of 9 and l.
1
Suppose 3*p + 3 = -h, -h - 1 = 2*p - 0. Suppose 25 = -3*w + 97. Let s be (16 - 2)*w/14. What is the highest common factor of s and h?
3
Let c = -2736 - -2946. What is the highest common factor of 15 and c?
15
Let x = -4 - 48. Let l = x - -53. Let c(j) = j + 7. Let d be c(0). What is the greatest common divisor of l and d?
1
Let z be (50/15)/(2/3). Let f be (-145)/25 - 1/z. Let m be (-86)/f - (-7)/(-21). What is the greatest common divisor of 126 and m?
14
Let c be (-1)/(-6) - (-1673)/42. Let q be ((-34)/40 - 3/4)*5. Let r = c + q. What is the highest common divisor of 80 and r?
16
Let z = -7 - 0. Let q = z + 73. Suppose 0 = -17*g + 44*g - 297. What is the highest common divisor of q and g?
11
Let c(t) = t**3 - 16 + 27 + 6*t - 11*t**2 - t. Let x be c(11). Calculate the highest common divisor of x and 6.
6
Suppose 17*u = -3*l + 22*u + 204, -2*l + 4*u + 138 = 0. Calculate the greatest common factor of 399 and l.
21
Let i be (-170)/(-45) - (-2)/9. Let x be (3*3)/(3 - i). Let l = 33 - x. Calculate the greatest common factor of l and 105.
21
Let c(r) = 4*r**2 - 4*r - 18. Let f be c(-5). Let i = f + 18. What is the greatest common divisor of 48 and i?
24
Suppose -4*t + 3*t = 4*q + 149, 186 = -5*q - t. Let h = 67 + q. Let y(i) = -23*i + 89. Let f be y(3). What is the greatest common divisor of h and f?
10
Let v = 18 - -71. Suppose 0 = m - 6*m + 3*x + v, -4*x = m - 4. Calculate the greatest common divisor of 1 and m.
1
Let h be ((-30 - 0) + 0)*-1. Let o(s) = -3*s + 43. Let y be o(11). What is the highest common factor of h and y?
10
Let v(k) = 2*k**2 - 9*k - 2. Let p be v(6). Let j be (-55)/(-3) + (p/(-12))/(-2). Calculate the highest common divisor of j and 209.
19
Suppose 0 = -3*u + 6, -2*q - u - 1510 = -4*q. Calculate the greatest common divisor of q and 28.
28
Let x be (-1)/((-3)/(-234))*(-1)/6. Calculate the highest common divisor of 247 and x.
13
Suppose -3*b + 0 = y - 155, 0 = -5*b + 3*y + 263. Calculate the greatest common factor of 4 and b.
4
Let t = 32 + -32. Suppose -3*v + 4*p + 1252 = t, 3*v + 3*p - 1286 + 41 = 0. What is the highest common factor of v and 52?
52
Let y(o) = -o**2 - 26*o + 15. Let a be y(-24). What is the highest common factor of 7 and a?
7
Let q(g) = 4*g + 4. Let d be q(3). Suppose 3*p = -35 + 11. Let f be p/((-26)/(-18) + 15/(-10)). What is the highest common factor of d and f?
16
Suppose -4*s = -u + 279, -292 = -3*u - 5*s + 630. Calculate the greatest common divisor of u and 13.
13
Suppose -330 = -3*d - 3*j + 1524, -2*j = -3*d + 1844. What is the greatest common factor of d and 440?
88
Let i = 18 + 9. Let t be (-6)/i - (-5908)/18. Let x = t - 232. What is the greatest common divisor of 12 and x?
12
Let q(o) = 20*o + 144. Let k be q(-7). What is the highest common divisor of k and 5?
1
Suppose f - 26 = 2*x, -3*f - 13*x = -15*x - 70. What is the highest common divisor of 1419 and f?
11
Let f(z) = -2*z**3 - 4*z**2 - 21. Let i be f(-4). What is the highest common factor of i and 602?
43
Let x = -595 - -661. What is the highest common divisor of x and 1452?
66
Let b be (-4)/(-8)*6 + -2. Let g be 5 - -3 - (-2)/b. Let h = 44 + 56. Calculate the highest common divisor of h and g.
10
Let m = -37 + 43. Suppose -m = 5*l + 4*x - 66, x = -5*l + 60. What is the greatest common factor of l and 24?
12
Let c be 204/(-119)*42/(-4). What is the greatest common divisor of c and 72?
18
Let l = -72 - -97. Calculate the highest common factor of l and 2.
1
Suppose -2 = -5*v + 6*v. Let t = v - -10. What is the greatest common factor of t and 8?
8
Suppose 31*x + 1272 = 39*x. What is the highest common factor of x and 848?
53
Let b be 4/(-2)*16*-1. Calculate the greatest common divisor of 20 and b.
4
Let f(a) = 46*a**2 + 5*a + 4. Let t be f(-1). What is the greatest common factor of 10 and t?
5
Suppose 0 = 5*f + 52 + 8. Let p = f + 17. Suppose 65 = 5*d + p. What is the highest common divisor of d and 8?
4
Suppose 0 = -2*y - 8, -4*p + 4*y - 9 = -9*p. Suppose -n + 11 = f, -p*f - 3*n + 54 = n. Calculate the greatest common divisor of f and 40.
10
Suppose -2*i + 28 = -18. Suppose 42 = 5*b - i. Calculate the greatest common divisor of 117 and b.
13
Let u(f) = -2*f + 18. Let w be u(-3). Let b be (-36)/w + 94/4. Let q be 327/6 - (-1)/2. What is the highest common divisor of b and q?
11
Let g(m) = m**2 + 4*m - 2. Let n be g(-3). Let b = n - -19. Calculate the highest common factor of b and 98.
14
Suppose 2*o = 3*t + 1441, -21*o + 1465 = -19*o + 5*t. What is the greatest common divisor